uppose 186*q = 181*q + 75. Calculate the greatest common divisor of q and u.
15
Let t be 6 - (-7 - (6 + 121)). Let u be (-4)/(-18) - 500/(-18). What is the greatest common divisor of u and t?
28
Suppose 0 = -b + 5*l + 25, 0 = -2*b - l + 6*l + 25. Suppose b = -0*w + w - 105. What is the highest common factor of w and 21?
21
Let p be (3480/(-100))/((-3)/10). Calculate the greatest common divisor of p and 29.
29
Suppose 5*p = -5*d - 20, -5*p - 3*d - 16 = d. Let r be 4/4 + (p - -9). What is the highest common divisor of 30 and r?
10
Suppose 20 = -3*g + 110. Let h be (56/(-35))/((-2)/g). Suppose h = -2*w + 5*w. What is the highest common factor of w and 16?
8
Let q = -16 - -19. Calculate the highest common factor of 21 and q.
3
Suppose n = -3*o + 53, 8*n + 59 = 4*o + 7*n. Let z = o + -13. What is the greatest common factor of z and 12?
3
Suppose l - 5*l = 0. Let p(a) = -a**2 + 7. Let d be p(l). What is the greatest common factor of 1 and d?
1
Suppose -8*r - 35 = -107. What is the greatest common divisor of 27 and r?
9
Let f(r) = r**2 - 2 + 0 - 6 - 4*r. Let x be f(7). Let t be (-36*3)/(-3) + 3. Calculate the greatest common divisor of x and t.
13
Let x(u) = -47*u + 2. Let a be x(-1). Let i be (-1)/((-3)/(-6) - 0). Let s be (1/i)/((-1)/14). Calculate the greatest common divisor of a and s.
7
Suppose 3*k = -k + 636. Let d = k + -83. Calculate the highest common divisor of 19 and d.
19
Let v be (1 + 45/6)*-4. Let c = -8 - v. Let o(z) = 39*z**3 + z**2 - z. Let s be o(1). Calculate the highest common factor of c and s.
13
Suppose 3*j - 4*j + 6 = 4*m, 4*m + 2*j - 8 = 0. Let o be (-14)/4 + m/2. Let w be 42 + (-4)/6*o. What is the highest common divisor of w and 4?
4
Let x be (-2)/(-11) + 84/22. Calculate the greatest common factor of 1 and x.
1
Let d(n) = -n**3 + 9*n**2 + 7*n - 3. Let j be d(7). Let m = 0 + 3. Suppose -a + 21 = -3*w + 70, m*a - 29 = -2*w. What is the highest common divisor of w and j?
16
Suppose -62 - 138 = -4*s. Calculate the highest common divisor of 5 and s.
5
Let k be 2*(-1)/2 - 23. Let t = -12 - k. What is the highest common divisor of t and 60?
12
Let a = -14 + 33. What is the highest common factor of a and 19?
19
Suppose 4*k - 28 = 88. Suppose -31 = -4*n + k. Let u(g) = 33*g**2 - g + 1. Let a be u(-2). Calculate the greatest common divisor of a and n.
15
Let n(l) = 3*l - 2. Let u be n(8). Let f(d) = -d**2 + 7*d - 4. Let j be f(6). What is the highest common divisor of u and j?
2
Let d(j) = -3*j - 17. Let n be d(-9). Calculate the highest common divisor of n and 70.
10
Let l be 8/(-6) + (-2)/3. Let m = 32 + l. Let w be (12/10)/(2/m). Calculate the highest common factor of 9 and w.
9
Let l(a) = a**2 - 7*a + 1. Let w be l(8). Let h(i) = 0 - i - i - w. Let g be h(-8). What is the greatest common factor of g and 28?
7
Let v(p) = -p + 79. Let n be v(0). Suppose n - 7 = 4*g. Suppose -41 = -b - 5. What is the highest common divisor of b and g?
18
Let v be 0 - (2 + -1 + -8). Suppose 43 = i - 3*g, i - 58 = -0*i - 2*g. Suppose -5*j + i - v = 0. What is the highest common divisor of 45 and j?
9
Let w(i) be the first derivative of 9*i**2/2 - 12*i - 3. Let s be w(8). Let x(t) = -3*t. Let z be x(-8). What is the greatest common divisor of z and s?
12
Suppose 4*j + 5*a - 45 = 0, -44 = -2*j - a - 17. What is the greatest common factor of 15 and j?
15
Suppose 0 = 6*q - 20 - 34. Suppose 5 = h + 4*h. Calculate the greatest common divisor of h and q.
1
Let u be (-8)/((-80)/(-282))*1*-5. What is the greatest common divisor of 47 and u?
47
Let z be 24/16*(-16)/(-3). What is the highest common factor of 48 and z?
8
Suppose 0 = -5*t - 116 + 286. What is the greatest common divisor of t and 153?
17
Let j = 12 + 1. Let v be 2304/16 - (1 + 0). Calculate the greatest common factor of v and j.
13
Let w = 5 + 2. Suppose 2*i - 50 = -3*i. Let p = 46 + i. Calculate the highest common divisor of w and p.
7
Let h(j) = 3*j**2 + j. Suppose 3*i = -1 - 11, -4*z = 2*i + 8. Suppose z = -2*p + 1 - 5. Let q be h(p). What is the highest common factor of 10 and q?
10
Suppose -3*u + 4*p + 6 + 5 = 0, u + p = 13. Let l(s) = -s + 14. Let f be l(u). What is the greatest common factor of 20 and f?
5
Suppose 6*q - 3*q = 0. Suppose -4*l = -3*n + 27, -4*n + 5*l + 9 = -3*n. Let g be n - (q/(-1) + 3). Calculate the greatest common factor of 24 and g.
6
Suppose 3 = k - 9. What is the highest common divisor of k and 8?
4
Let n(g) = 2*g**2 + 6*g - 4. Let c be n(5). Let a = -1 - -6. Suppose 0*r + c = r + 3*i, -i = a*r - 422. Calculate the highest common divisor of r and 17.
17
Suppose 3*j + 4*g = 76, 0 = 4*j - 2*g - g - 68. What is the highest common factor of j and 80?
20
Suppose -4*w = 3*x - 0*x - 200, -2*w - 3*x = -100. Suppose l - w = -4*l. Calculate the greatest common factor of 10 and l.
10
Suppose 0 = 4*c - 2*y - 86, 2*c - 8*y - 23 = -3*y. Calculate the greatest common factor of 192 and c.
24
Suppose 126 = 221*v - 207*v. Let a(o) = -2*o**3 + o**2 + o. Suppose g - 2*g = 2. Let n be a(g). What is the highest common divisor of v and n?
9
Suppose 2*t = 4*u - 426, -u + 5*t + 70 = -50. Suppose 0 = 3*q - 7 - 74. Suppose 3*i - l = 356, -q = -i + 3*l + u. What is the highest common factor of 13 and i?
13
Let a(z) = z**2 - 6*z + 1. Let i be a(6). Let o be (2 - i - 2) + 17. Suppose -n + 66 = 2. Calculate the highest common divisor of o and n.
16
Suppose 17 + 79 = 3*n. Calculate the highest common divisor of n and 48.
16
Let f(g) = -g + 25. Let y be f(16). Let w = 25 + 56. Calculate the highest common factor of w and y.
9
Let o be (4 + -5)/(3/(-177)) - 3. What is the highest common divisor of o and 70?
14
Let q = -1 - -10. Suppose -3*r - 2*i = -i + q, -r = i + 5. Let k be (-2)/(480/242 + r). What is the highest common divisor of k and 11?
11
Let f be (84/4 - -4)/(3/3). What is the greatest common factor of f and 200?
25
Suppose -4*v + 22 + 42 = 0. Let n = -19 - -43. What is the highest common divisor of n and v?
8
Let i be (-1 - (-4)/(-12) - -2)*9. Calculate the greatest common divisor of 9 and i.
3
Let w be (-4)/3*(-24)/4. Calculate the highest common divisor of 64 and w.
8
Let w = 27 - 16. Suppose 0 = -3*g - 2*m + 35, 3*g - 3*m - 90 = -2*g. Suppose 40 + g = 5*r. What is the greatest common factor of w and r?
11
Let v(o) = -o**2 - 12*o - 11. Suppose -4*s - 27 = 9. Let g be v(s). Suppose -2*l = -2*m - 13 + 89, 4*l - g = 0. Calculate the highest common divisor of 6 and m.
6
Let n be (4 - 3) + 6 + -3. Calculate the greatest common factor of n and 6.
2
Let t be (-129)/(-9) - 1/3. Suppose 4*p + p - 90 = 4*n, -3*p + n = -47. What is the greatest common divisor of p and t?
14
Suppose 2*t - 9 = -41. Let f be (6 - 0)*t/(-6). Let s be (0 + (-32)/(-6))*12. Calculate the highest common factor of f and s.
16
Let g be 9 - (-3 - -1*2). Let i(h) = h**3 + 19*h**2 + 57*h - 15. Let c be i(-15). What is the greatest common divisor of c and g?
10
Let n be -1 + 4*(-34)/(-4). Calculate the greatest common divisor of n and 11.
11
Let n(l) = l**2 - 22*l - 14. Let j be n(-6). What is the highest common factor of 14 and j?
14
Let s be -3 + (-4 - -3) + 16. Calculate the greatest common factor of 108 and s.
12
Suppose -5*c + 76 = -154. Suppose -c - 34 = -q. Calculate the highest common divisor of q and 10.
10
Let p(a) = a**3 + 4*a**2 - 6*a - 2. Let q be p(-4). Suppose 2*x + 0*x + o = 15, o = -3*x + q. What is the greatest common divisor of x and 14?
7
Let s(a) = 2*a**2 + 2*a - 1. Let v be s(1). Suppose -267 = 2*h - 7*h + v*w, 2*h - 111 = -3*w. Let x = -10 - -46. What is the greatest common factor of x and h?
18
Let j(k) = -k**3 + 5*k**2 + 14*k + 16. Let z be j(7). Let h(o) = 7*o**2 - 7*o + 4. Let q be h(5). What is the highest common divisor of z and q?
16
Let t = 9 - 5. Let c(j) = -j + 1. Let s(p) = 2. Let y(a) = t*c(a) - 5*s(a). Let h be y(-5). What is the greatest common divisor of 154 and h?
14
Let z be (4/6)/((-2)/(-9)). Let a(w) = w**3 + 7*w**2 + 5*w + 6. Let g be a(-5). Suppose g = z*r - 41. What is the highest common factor of r and 6?
6
Let q(a) = 4*a + 8. Let g be q(11). Let w = g + -28. What is the highest common divisor of 24 and w?
24
Suppose 4*v + 5*v - 45 = 0. What is the greatest common factor of 25 and v?
5
Suppose -3*h = -5*n - 857, -2*h - 5*n + 0*n + 538 = 0. Suppose -4*c + 70 = -54. Calculate the hig